te the greatest common divisor of 182280662 and 3524.
1762
Calculate the greatest common divisor of 67867800 and 34440.
840
What is the greatest common divisor of 10573857 and 1764?
441
Calculate the greatest common factor of 45758877 and 75.
3
Calculate the highest common divisor of 541660 and 10282.
106
What is the greatest common divisor of 1403 and 31287521?
23
What is the highest common factor of 516 and 967893192?
516
What is the highest common factor of 4197868 and 22150?
886
What is the greatest common factor of 94721 and 14299?
79
What is the highest common divisor of 2500932 and 1204?
28
Calculate the greatest common divisor of 5532 and 33954033.
1383
Calculate the highest common factor of 14720 and 50576080.
1840
Calculate the greatest common divisor of 481 and 13902121.
37
What is the greatest common divisor of 244940220 and 1260?
1260
Calculate the greatest common factor of 806119 and 1813.
37
What is the highest common factor of 9 and 198526095?
9
What is the highest common divisor of 3543 and 1255403?
1181
Calculate the highest common divisor of 28061761 and 13.
13
What is the greatest common factor of 28818267 and 2472?
309
What is the greatest common divisor of 1419575522 and 37?
37
Calculate the highest common factor of 468 and 286515918.
234
Calculate the greatest common factor of 65556897 and 399.
399
Calculate the greatest common divisor of 34960757 and 13.
13
Calculate the highest common factor of 537543 and 247242.
1389
Calculate the highest common factor of 31862 and 13147169.
89
What is the highest common divisor of 1046288 and 64?
16
Calculate the highest common divisor of 3779755 and 301385.
2765
Calculate the greatest common factor of 238 and 3770090.
34
What is the greatest common factor of 1269 and 477198?
27
Calculate the greatest common divisor of 21147367 and 3988.
997
Calculate the highest common factor of 1197 and 1465831.
19
Calculate the highest common factor of 23188399 and 26.
13
What is the greatest common factor of 731268 and 1928637?
1647
Calculate the greatest common divisor of 30 and 143610100.
10
Calculate the highest common divisor of 3980 and 102754844.
796
What is the highest common divisor of 481 and 467384?
37
Calculate the highest common divisor of 2547 and 84244572.
2547
What is the highest common factor of 85407 and 5791989?
1743
Calculate the highest common factor of 3171081 and 627.
57
Calculate the highest common divisor of 4536 and 391832.
56
Calculate the highest common factor of 439389 and 1737.
9
What is the greatest common divisor of 13006 and 95431?
7
What is the greatest common divisor of 148627591 and 7?
7
Calculate the highest common divisor of 3364496 and 4418296.
3832
What is the highest common factor of 140 and 299591404?
28
What is the highest common factor of 5150804 and 115?
23
What is the greatest common divisor of 10386 and 326178?
18
Calculate the highest common divisor of 35621 and 297140.
179
Calculate the greatest common divisor of 157109953 and 429.
143
Calculate the greatest common divisor of 550521504 and 5472.
5472
Calculate the highest common divisor of 10094 and 5034125.
103
Calculate the greatest common factor of 114 and 8365206.
114
What is the greatest common divisor of 3946990 and 170?
10
What is the highest common factor of 5338419 and 805899?
1059
What is the highest common factor of 26962 and 226432?
122
Calculate the highest common divisor of 914516 and 661152.
388
Calculate the highest common divisor of 4255 and 4486265.
115
What is the highest common divisor of 56 and 1259363?
7
Calculate the highest common divisor of 210958 and 2114486.
4906
Calculate the highest common divisor of 23 and 87841.
1
What is the highest common factor of 2325 and 1828752?
93
Calculate the highest common divisor of 250326 and 2547.
9
What is the greatest common divisor of 9118 and 730098?
94
Calculate the highest common factor of 5958316 and 12194.
182
Calculate the highest common factor of 1079228 and 8024.
4012
What is the highest common divisor of 95904 and 76304?
16
What is the greatest common factor of 115932 and 1488?
12
Calculate the greatest common factor of 101233979 and 308.
77
What is the highest common divisor of 633139 and 43531?
431
What is the greatest common divisor of 151511 and 2928815?
1193
What is the greatest common divisor of 509558 and 4046?
238
Calculate the greatest common factor of 62510070 and 700.
70
Calculate the highest common factor of 1306 and 503.
1
Calculate the greatest common factor of 11472 and 28918044.
2868
Calculate the highest common factor of 11452 and 46375692.
1636
What is the highest common divisor of 2039364 and 11868?
276
Calculate the greatest common divisor of 13793 and 9776054.
1061
Calculate the greatest common divisor of 21 and 43698438.
21
Calculate the greatest common factor of 54491 and 261.
29
What is the greatest common factor of 495 and 275049720?
495
What is the greatest common divisor of 3270 and 69859190?
1090
What is the highest common divisor of 175 and 349055?
35
Calculate the greatest common divisor of 23100 and 294900.
300
Calculate the highest common divisor of 1580895 and 4140.
45
What is the highest common divisor of 59141570 and 230?
10
Calculate the greatest common divisor of 15179 and 78088.
43
Calculate the greatest common divisor of 136617 and 16419.
39
Calculate the greatest common factor of 245 and 251265.
35
What is the greatest common factor of 2695 and 14186865?
385
Calculate the highest common divisor of 4161370 and 59094.
134
What is the highest common divisor of 1335392 and 26332?
116
Calculate the highest common factor of 206175 and 375.
75
What is the greatest common divisor of 48 and 16366152?
24
What is the highest common factor of 495156 and 1788?
12
What is the greatest common divisor of 1604762 and 7092?
394
Calculate the greatest common factor of 171693 and 32634388.
6359
Calculate the greatest common factor of 403 and 3055763.
31
Calculate the highest common divisor of 108080 and 6068860.
140
Calculate the greatest common divisor of 106964 and 124202.
442
Calculate the greatest common factor of 118 and 490994991.
59
What is the greatest common factor of 735 and 487641875?
245
Calculate the greatest common factor of 89093 and 2491.
53
Calculate the greatest common divisor of 100908 and 375072.
12
What is the greatest common factor of 186679560 and 15?
15
What is the greatest common factor of 469 and 316667393?
469
What is the highest common factor of 1420848 and 15478749?
3861
What is the highest common factor of 1015602 and 294?
42
What is the greatest common factor of 8277 and 696603?
267
What is the highest common divisor of 11850163 and 14746?
73
What is the highest common divisor of 819 and 13514553?
117
What is the greatest common divisor of 3195 and 2329065?
45
What is the greatest common factor of 16324 and 389656?
212
Calculate the highest common divisor of 1371360720 and 5909.
5909
What is the greatest common divisor of 45974 and 733050?
362
What is the greatest common divisor of 3189198 and 448092?
2766
Calculate the greatest common divisor of 748 and 1369724.
68
Calculate the greatest common factor of 503203207 and 563.
563
Calculate the greatest common divisor of 63394 and 232.
58
What is the greatest common divisor of 16955 and 4590?
5
What is the greatest common divisor of 2405 and 83395?
65
What is the greatest common divisor of 6711279 and 1884?
471
What is the greatest common factor of 904 and 1945896?
8
Calculate the highest common factor of 1417 and 259792.
13
What is the greatest common factor of 7330212 and 504?
36
What is the highest common factor of 73892984 and 352?
88
What is the highest common divisor of 30723 and 123320505?
1617
Calculate the greatest common divisor of 1000 and 128739200.
200
Calculate the greatest common divisor of 66569913 and 45.
9
Calculate the highest common divisor of 244837703 and 44.
11
Calculate the greatest common factor of 19091056 and 2247754.
9902
What is the highest common divisor of 307860163 and 403?
403
What is the greatest common divisor of 27082 and 503479?
1231
What is the greatest common factor of 10970525 and 253150?
2075
What is the greatest common divisor of 3787804 and 318?
106
What is the greatest common diviso